
Let f = -25569 - -25774. Calculate the remainder when 701 is divided by f.
86
Let i be -4 + -3 + 7 - -45. Suppose 0 = -2*h + i + 11. Let f(t) = 81*t**2 - 1. Calculate the remainder when f(-1) is divided by h.
24
Let k = -205 + 221. Calculate the remainder when 34 is divided by 3/(12/k) + (-32)/(-4).
10
Let h(n) = 8*n**2 + 17*n - 58. Let p be h(4). Calculate the remainder when 62 is divided by p/(-12)*(-2 + 0).
16
Let y(u) = 13*u**2 - 192*u - 1579. What is the remainder when y(-8) is divided by 12?
9
What is the remainder when (33 + 3879)*3/(-30)*-5 is divided by 1956?
0
Let c = -18 + 20. Suppose -4*r - 44 = -4*g - 4, -c*r = 8. Let t = g - -8. What is the remainder when 69 is divided by t?
13
Suppose 9*y - 1422 = -162. Let z = y - 51. What is the remainder when z is divided by 19?
13
Suppose 12*i - 372 = 9*i. Let z = i + -75. Suppose -5*j + 70 = -q, 33 = 2*j - j - 4*q. What is the remainder when z is divided by j?
10
Suppose -2*z = -8, 5*z = -6*b + 7*b - 157. Let s = b - 163. Calculate the remainder when 23 is divided by s.
9
Let v = -4479 + 4570. What is the remainder when 1089 is divided by v?
88
Suppose 0 = -4*h - 2*o + 114, 5*h + 4*o = h + 120. Let u = -4 + 7. What is the remainder when h is divided by (8 + -2)/u*7?
13
Suppose 3*y - 3 + 36 = 4*i, -5*i = 2*y + 45. Suppose -d - 138 = -4*d. Calculate the remainder when d is divided by (-40)/y*3/1.
6
Suppose 0 = -4*q - 0*q - 16. Let b be q + 2 + -4 + 3. Calculate the remainder when 99 is divided by (52/b)/(9/((-54)/4)).
21
Let u = -481 + 157. Let n be (u/16)/((-2)/(-24)*3). Let s = n - -102. Calculate the remainder when 39 is divided by s.
18
Let b = 9464 - 9432. Calculate the remainder when 2395 is divided by b.
27
Suppose 26*j = 25*j + 393. What is the remainder when j is divided by 109?
66
Let t be (1 - 4)/(48/3504). Let o = -206 - t. What is the remainder when 22 is divided by o?
9
Suppose -o + 0*o = 3*t - 288, -4*t + 394 = -2*o. Suppose 4*f - 16 + 20 = 0. What is the remainder when t is divided by (-1)/(3/(-90)) - 3*f?
31
Suppose -8*y - 1132 = 556. Let w = y + 217. Calculate the remainder when 64 is divided by w.
4
Let z be (-15)/(-12)*-6*2. Let l = z + 49. Suppose -15*m - 394 = -4*u - 13*m, -395 = -4*u + m. What is the remainder when u is divided by l?
31
Calculate the remainder when -4 - (8 + -18 - 270) is divided by 61.
32
Let q(x) = -130*x**2 - 23 + 143*x**2 + 1 - 9*x. Let i be q(-9). Suppose 5*o - b = i, o = -4*b + 145 + 69. What is the remainder when o is divided by 45?
42
Suppose -115*f + 63494 = 488*f - 83035. Calculate the remainder when f is divided by 87.
69
Let p be 9/3 + -61 + 2. Let b = p + 60. Suppose 99 = -b*n + 591. Calculate the remainder when n is divided by 21.
18
Suppose 5 = 5*m - 615. Suppose 7*z = 44 + m. Calculate the remainder when 89 is divided by z.
17
Suppose 4*k + 38*k = 36162. Calculate the remainder when k is divided by 8.
5
Suppose 3*b - 620 + 614 = 0. Suppose p - 9 = -n, -b*n - 1 - 1 = 0. Calculate the remainder when 48 is divided by p.
8
Let o(b) = -b**2 - 27*b - 54. Calculate the remainder when o(-11) is divided by 5.
2
Let s(x) = -234*x - 440. Suppose -3*p + 3 = -2*p. Suppose -w - o = -3 - 0, -p*o = 5*w - 19. Calculate the remainder when s(-2) is divided by w.
3
Suppose 404*v = 418*v - 2610 - 5370. Calculate the remainder when v is divided by 561.
9
Let m = -1584 - -1708. Calculate the remainder when 366 is divided by m.
118
Let a be (1/6*-4)/(2/(-15)). Suppose -a*k + 3*d + 30 + 113 = 0, -23 = -k - 5*d. What is the remainder when (7/14)/((-4)/(-632)) is divided by k?
23
Let f be (208/32)/((-3)/42). Let q = f - -98. Calculate the remainder when 24/36*(18 + 0) is divided by q.
5
Suppose 0 = 4*r + 5*r - 13*r. Suppose -8*x - 28 + 580 = r. Calculate the remainder when x is divided by 37.
32
Suppose -3*x + 7 + 2 = 0. Suppose x + 12 = 5*d. Suppose -59 = -2*k + d*m, 0 = 3*k - k - m - 69. Calculate the remainder when k is divided by 13.
11
Let r = 51 - 27. Suppose 0 = 2*f - 44 + r. Let v(t) = -t**2 + 15*t - 33. What is the remainder when 132 is divided by v(f)?
13
Let y(h) = h**2 - 15*h. Let z be y(15). Let l be 0/((-5 - (-4 + 2)) + z). Suppose -6*x = -l*x - 138. Calculate the remainder when 89 is divided by x.
20
Suppose -5*h + 371 = -3*v, -308 - 11 = -4*h - 5*v. Calculate the remainder when 5165 is divided by h.
73
Suppose 54 + 34 = 4*p. What is the remainder when (2202/(-14) + 1)/(2/28*-4) is divided by p?
19
Let k = 7451 - 7366. Calculate the remainder when k is divided by 22.
19
What is the remainder when 148 is divided by 398/18 - -4*10/(-360)?
16
Suppose 31*w = -22*w + 9752. Calculate the remainder when 192 is divided by w.
8
Suppose -134*f + 86*f + 87*f = 20748. Calculate the remainder when 1619 is divided by f.
23
Let r = -192 + 489. Let g = r - 203. What is the remainder when g is divided by 16?
14
Let h be 2/6 - 151/3. Let u = h + 66. Calculate the remainder when (9/(-4))/(6/(-64)) + 1 is divided by u.
9
Let p = -94 - -94. Suppose 2*r + 21 = 3*k, -2*r + 4*r - k + 27 = p. What is the remainder when 19 + r/(-12)*4 is divided by 9?
6
Suppose 4*o + 2 = -10. Calculate the remainder when (2 + 7/(-3))/((-9)/54) is divided by 1/o*0 + 2.
0
Suppose -5*o - 5*r = 5417 + 5498, 0 = 3*r - 3. Let m = 3204 + o. What is the remainder when m is divided by 33?
30
Suppose 0 = -66*h + 2357 + 4375. Calculate the remainder when h is divided by 15.
12
Suppose r = 20 - 9. Let s be (-56 - 1)*(-50)/30. Calculate the remainder when r is divided by (-171)/s*(-5)/3.
2
Suppose -32*a + 29*a + 24*a - 11823 = 0. Calculate the remainder when a is divided by 133.
31
Suppose 4*b = 3*o - 42, 2*b = -3*o - b + 21. Suppose -4*i - 12 = 0, 3*y + 8*i - 5*i = 252. Calculate the remainder when y is divided by o.
7
Calculate the remainder when 67 is divided by (-33)/2*((-52)/(-117))/(12/(-90)).
12
Let o = 1502 + -1489. Let k be ((-4)/3)/((-6)/387). Let m = k + -42. Calculate the remainder when m is divided by o.
5
Let d be (9 - 9)*2/4. Suppose d = -33*f + 41*f - 360. Calculate the remainder when f is divided by 27.
18
Let k = -17 - -40. What is the remainder when (6 + 45)*(-3 + 7) is divided by k?
20
Let c = -25 - -61. Calculate the remainder when 213*(-6)/(-4)*(-10)/(-15) is divided by c.
33
Suppose 5825 = -72*k + 77*k. Let s = -791 + k. Calculate the remainder when s is divided by 29.
26
Let v(a) = -16*a**3 - 3*a**2 - 2*a. Suppose 57*y = 45*y + 216. Suppose 43*t = y*t + 1025. Calculate the remainder when v(-2) is divided by t.
38
Let j(z) be the first derivative of z**3/3 + 5*z**2/2 + 8*z + 25. Let p(m) = -m**3 + 7*m**2 + 3*m - 9. Calculate the remainder when p(7) is divided by j(-3).
0
Suppose 204 = 14*x - 398. Suppose 5*g + 5*f + 4 = 44, 54 = 3*g - 3*f. What is the remainder when x is divided by g?
4
What is the remainder when (15 - 6375)/(-10) - -4 is divided by 319?
2
Suppose 256 - 2448 = -4*j + 1560. Calculate the remainder when j is divided by 50.
38
Suppose -177*u = -578*u + 48120. Calculate the remainder when 14038 is divided by u.
118
Suppose 25*s - 111 = -12*s. Calculate the remainder when (11/66)/(s/1098) is divided by 21.
19
Let r(h) = 10*h + 3. Let o be 2/(-4) - (-9)/2. Let x(y) = -y**2 - 45*y + 15. What is the remainder when r(o) is divided by x(0)?
13
Let i = 535 + -251. Suppose 292*u = i*u + 864. What is the remainder when u is divided by 22?
20
Suppose -11*x + 14*x - 6 = 0. Suppose x*q = -7*r + 10*r + 351, 3*q + 3*r - 534 = 0. Calculate the remainder when q is divided by 54.
15
Suppose -h + 6 = 1. Suppose 4*x - 5*p - 21 = 0, -4*x + 12 + 5 = -p. Suppose 12 = -12*k + 14*k + x*l, l = 0. What is the remainder when k is divided by h?
1
Let l(z) = -12*z - 522. Calculate the remainder when l(-48) is divided by 19.
16
Suppose -654 = -9*s + 12*s - 3*w, -3*s - 657 = -4*w. Let f = s - -227. Calculate the remainder when 94 is divided by f.
10
Let t = -16171 + 20610. What is the remainder when t is divided by 101?
96
Let t = 12804 + -12491. Calculate the remainder when 1253 is divided by t.
1
Let o = 373 + -385. What is the remainder when (-42)/o*1068/21 is divided by 15?
13
Suppose 0 = -0*g - 4*g - 3*z - 34, 4*z = g - 1. Let v(t) = -3*t + 12. What is the remainder when 163 is divided by v(g)?
31
Suppose -y + 13 = -3*b - 44, -3*b - 96 = -2*y. Calculate the remainder when 559 is divided b